List the prime factors of d(0).
41, 283
Let c be (-2)/(-3) - (-80)/15. List the prime factors of ((-716)/12)/((-2)/c).
179
Let v(q) = 3*q**2 + 180*q + 166. List the prime factors of v(-106).
2, 13, 569
Let c be (-54)/36*(-10)/3. Suppose 2*n - 900 = c*u - 6*u, -n = 5*u - 4500. List the prime factors of u.
2, 3, 5
Suppose 14851 = 18*m - 11915. List the prime factors of m.
1487
Let o = 178 + -175. Suppose 4*h = 4*u + o*h - 2531, 5*h = -u + 659. What are the prime factors of u?
2, 317
Suppose 0 = -46*f + 51029 + 136145. What are the prime factors of f?
13, 313
Let p = -29 + 44. Let c be (-6)/p + (-516)/(-15). Suppose -5*i + c = -4*i. List the prime factors of i.
2, 17
Let k(a) = 14 - 3 - 14*a + 25 + 33. What are the prime factors of k(-15)?
3, 31
Suppose 29 = u - 7*d + 5*d, -4*d = -5*u + 121. Suppose -4*l + u*l = 13566. What are the prime factors of l?
2, 3, 7, 19
Let z be ((-41)/15 - (-24)/(-40))*-6. What are the prime factors of (-15)/(-20) - (-39305)/z?
2, 983
Let w(r) = -r**2 + 2*r + 17. Let p be w(5). Let j be (p*6/(-15))/((-2)/(-15)). Let v = j + 31. List the prime factors of v.
5
List the prime factors of ((-22761)/3)/(7/(-21)).
3, 281
Let t(r) = 290*r**2 - 17*r - 17. What are the prime factors of t(-2)?
11, 107
Let r = 5957 - 1315. List the prime factors of r.
2, 11, 211
Let t(y) = 24*y**3 + 5*y**2 - 3*y + 4. Let d be t(6). Suppose -56 = p - 2*h - 1126, -3*h - d = -5*p. What are the prime factors of p?
2, 5, 107
Suppose -t = -2*i + 11795, -2*t = -3*i + 2957 + 14735. List the prime factors of i.
2, 3, 983
Let k be 0/((0 - 1)/(-1)). Suppose k = m - 3*m + 4. Suppose m*q - 5*t - 104 - 102 = 0, -12 = 3*t. What are the prime factors of q?
3, 31
Suppose 0 = o + 53 - 5. Let b = o + 52. Suppose 3*p = b*p - 54. What are the prime factors of p?
2, 3
Let q(a) be the third derivative of -a**6/120 + a**5/5 - 5*a**4/8 + 3*a**3/2 + 13*a**2 + 1. What are the prime factors of q(10)?
59
Let r = 57 + -57. Suppose -5*t + r*y + 2*y + 830 = 0, 5*y = 5*t - 845. Suppose 3*j - 4*h = -2*h + 270, -t = -2*j - 4*h. List the prime factors of j.
2, 11
Let n = 108 + -103. Suppose -5*d + n*p = -985, -2*d + 193 = -d - 3*p. What are the prime factors of d?
199
Let c be 1 + -1 + 12524/(-31). Let w = 603 + c. What are the prime factors of w?
199
Let v = -44 + 48. Suppose -44 = -3*c - v*p - 15, -11 = 3*c - 4*p. Suppose 4*q = -c*r + q + 213, 319 = 5*r - 4*q. List the prime factors of r.
67
Let v(q) = -3*q**3 + 2*q**2 + 7. Let h = 0 - 0. Suppose h = 8*b - 13*b - 15. What are the prime factors of v(b)?
2, 53
Let b be (9/12)/(5/(80/6)). Suppose f - 671 = -b*u, 2*u = f - 219 + 892. List the prime factors of u.
2, 3, 7
Suppose -2*p + 18 = -3*n, -3 = -4*p + 2*n + 17. Let h(j) = -12 - 17*j**2 - 27*j - 7 + 2*j**3 + p - j**3. List the prime factors of h(19).
193
Suppose u = -0*u - 5*g - 23, u + 3*g + 13 = 0. Let f be (2 + -4)*(-9)/6 + u. Suppose -103 = -5*i - 4*k, -4*k + 94 = -f*i + 221. What are the prime factors of i?
23
Let d be 13/(-3) - (-1)/3. Let y(t) = 3*t**3 + 6*t**2 + 3*t - 1. Let k be y(-2). Let w = d - k. List the prime factors of w.
3
Let p be ((-384)/80)/(1/(-5)). Suppose -22*i - 8 = -p*i. Suppose 12 = -4*z, i*n - 120 = -2*z + 146. List the prime factors of n.
2, 17
Let z = -781 - -460. Let q = 359 + z. List the prime factors of q.
2, 19
Let p(i) = -43*i**2 - 8*i + 20 + 16*i**2 + 26*i**2. Let w be p(8). Let j = 175 + w. What are the prime factors of j?
67
Let z(l) = -22 - 25 + 12 - 59 + 52*l. What are the prime factors of z(14)?
2, 317
Suppose -3*v - 5*n + 248469 = 98608, -2*n = -14. List the prime factors of v.
2, 24971
Suppose 56 = 17*d + 5. List the prime factors of 257 + d/(-3)*-1.
2, 3, 43
Suppose -2*v + 52010 = -24*i, 4*v + 190*i - 104497 = 185*i. List the prime factors of v.
26113
Suppose 3*o + d = 15, -2*d - 10 = -2*o - 6*d. List the prime factors of 21*(-1 - (-5)/3*o).
2, 7, 11
Let p = -380 + 535. Suppose 0 = -3*t + 2*q - 6*q + 469, t + q = p. What are the prime factors of t?
151
Let r be -80 + 93 + 855/3. Suppose -30 = -2*d - 446. Let m = r + d. What are the prime factors of m?
2, 3, 5
Let q = 103364 + -60349. List the prime factors of q.
5, 7, 1229
Let g be 40/(1*1/8). Suppose -540*c = -545*c + 25. Suppose c*z - g = -0*z. List the prime factors of z.
2
Suppose 17*m - 3*m - 79800 = -6*m. What are the prime factors of m?
2, 3, 5, 7, 19
Let w(y) be the first derivative of y**3/3 + 9*y**2/2 + 13*y - 15. Let o be w(-12). Let h = o + 2. List the prime factors of h.
3, 17
Let y be (2 - 0)/(-2) + (-4655)/(-5). Suppose 0 = 18*f - y - 978. Let d = f - 39. List the prime factors of d.
67
Let x be 9/(-6) - 2/4*-11. Suppose -x*m + 0*s + s + 3521 = 0, -3*s - 4410 = -5*m. What are the prime factors of m?
3, 293
Suppose -5*c - 133199 = 3*p, -3*p = -7*c + 9*c + 133214. List the prime factors of 1/(28/(-8)) - p/49.
2, 3, 151
Suppose 4*c = -2*j + 9*c + 85689, 0 = -4*c + 20. List the prime factors of j.
17, 2521
Suppose 2*z = 2*n + 6872 + 366, -2*z + 4*n = -7242. List the prime factors of z.
3617
Let g be (-3 - -1) + 17*8/(-1). Let m = -123 - g. What are the prime factors of m?
3, 5
Let g = -103 - -105. Suppose -g*b - 5*r = -1588, 7*r - 6*r + 3132 = 4*b. List the prime factors of b.
2, 7
Let t be (-20)/(-3) + 1/3. Suppose -t*g = g + 1976. What are the prime factors of g/(-6) - (-4)/(-24)?
41
Let f = -96 - -170. Let r = f + 153. List the prime factors of r.
227
Let l be 1029/588*(1/1 - -63). Let f = 0 + 0. Suppose f = -2*z - 4*u + l, z + 3*u = -u + 66. List the prime factors of z.
2, 23
Suppose 17*f - 16*f = 98*f - 1014426. What are the prime factors of f?
2, 3, 7, 83
Let t(n) = 5 - 90*n - 15*n - 22 - 42. List the prime factors of t(-3).
2
Let i be (-7)/(-42) + (-39)/18. Let z(m) = -m**3 - 4*m**2 - 6*m - 5. Let h be z(i). Let b(t) = -77*t - 3. List the prime factors of b(h).
2, 37
Let v(y) = y + 3*y**3 - 7*y + 3*y**2 - 4 + 7*y**2 - 8*y**2. Let x be v(-4). Let d = x - -238. List the prime factors of d.
2, 7
Suppose -4*w = -4*s + 43156, 16*w = s + 20*w - 10804. List the prime factors of s.
2, 19, 71
Let d = -155 - -145. Let o(j) = -j**3 - 6*j**2 + 2*j + 17. List the prime factors of o(d).
397
Suppose 3 = -y + 2*y, 3*n = -5*y + 24. Suppose -n*b = 3*f + 51, -f = -5*b - 3*f - 79. What are the prime factors of 8/(-10) - 522/b?
2, 17
Suppose 25209 = y + 5*a, 0 = -3*y + 31*a - 30*a + 75547. What are the prime factors of y?
2, 787
Suppose -2*i = 92*g - 91*g - 7862, 7868 = g - 4*i. List the prime factors of g.
2, 983
Suppose 2*z + 24 = -a, 0*z = 3*a + 2*z + 64. What are the prime factors of (56/6)/(a/(-3570))?
2, 7, 17
Suppose -5*s + 4*t + 138 - 500 = 0, s + 3*t + 61 = 0. What are the prime factors of (0 - 8/(-10))*(s + 125)?
2, 11
Let q = 66 + -61. Let m be 20/q*(-244)/16. Let k = 75 + m. What are the prime factors of k?
2, 7
Let f(v) = 3*v**3 - 14*v**2 + 5*v + 21. Let u(b) = -b**3. Let i(n) = -f(n) - 4*u(n). List the prime factors of i(-10).
3, 11, 13
Suppose -245*q = -240*q - 4*v - 54672, 2*v - 21894 = -2*q. List the prime factors of q.
2, 5, 547
Suppose 0 = 9*t - 7*t. Suppose 5*o - 39 = -4*h + h, t = 2*h + o - 26. Let r = h + 1. What are the prime factors of r?
2, 7
Suppose -113*z = -385997 - 686484 - 2589510. List the prime factors of z.
23, 1409
Suppose y - 3043 - 8267 = -5*s, -2*y = 4*s - 22596. List the prime factors of y.
2, 5, 1129
Let r be 2/(((-4)/20 - 0)*1). Let l be (-29)/(-25)*5 - 2/r. Suppose -l*c + 8*c = 474. List the prime factors of c.
3, 79
Let b(y) = 10*y - 80. Let s be b(9). Let q(l) = 5*l**2 - 5*l - 23. List the prime factors of q(s).
7, 61
Suppose 0 = -8*y + 81 - 49. Suppose -y*r - 425 = -2257. What are the prime factors of r?
2, 229
List the prime factors of (12 - (-387)/(-36))*(-2 + -3 + 117).
2, 5, 7
Let s be (0 - -5) + -17 + 9 + 1380. Suppose 9*l - s - 594 = 0. What are the prime factors of l?
3, 73
Suppose 0 = l - 15 + 2. Suppose -n - 1296 = -l*n. List the prime factors of ((-2)/4 - n/8)*-5.
2, 5, 7
Suppose -6*o - 3070 = 2540. Let n = o + 540. Let i = -236 - n. What are the prime factors of i?
3, 53
Let d(j) = 9*j**3 - 6*j**2 - 21*j + 35. What are the prime factors of d(9)?
31, 191
Suppose 236*q = 13*q + 2439397. List the prime factors of q.
10939
Suppose -l + 15 = z - 16, -z - 5*l + 35 = 0. Suppose -15 + z = m. Suppose -m*u + 12*u = -261. What are the prime f